{"id":2214,"date":"2024-06-29T12:30:12","date_gmt":"2024-06-29T10:30:12","guid":{"rendered":"https:\/\/35.180.209.109\/?post_type=autores&#038;p=2214"},"modified":"2024-08-28T12:24:49","modified_gmt":"2024-08-28T10:24:49","slug":"anelis-assumpcao","status":"publish","type":"autores","link":"https:\/\/boamusica.com\/brasil\/autores\/anelis-assumpcao\/","title":{"rendered":"Anelis Assump\u00e7\u00e3o"},"featured_media":2215,"template":"","slider-home":[],"class_list":["post-2214","autores","type-autores","status-publish","has-post-thumbnail","hentry"],"acf":[],"yoast_head":"<!-- This site is optimized with the Yoast SEO plugin v27.4 - https:\/\/yoast.com\/product\/yoast-seo-wordpress\/ -->\n<title>Anelis Assump\u00e7\u00e3o - Boa M\u00fasica<\/title>\n<meta name=\"description\" content=\"Anelis Assump\u00e7\u00e3o \u00e9 uma cantora, autora e compositora brasileira.\" \/>\n<meta name=\"robots\" content=\"index, follow, max-snippet:-1, max-image-preview:large, max-video-preview:-1\" \/>\n<link rel=\"canonical\" href=\"https:\/\/boamusica.com\/brasil\/autores\/anelis-assumpcao\/\" \/>\n<meta property=\"og:locale\" content=\"en_US\" \/>\n<meta property=\"og:type\" content=\"article\" \/>\n<meta property=\"og:title\" content=\"Anelis Assump\u00e7\u00e3o - Boa M\u00fasica\" \/>\n<meta property=\"og:description\" content=\"Anelis Assump\u00e7\u00e3o \u00e9 uma cantora, autora e compositora brasileira.\" \/>\n<meta property=\"og:url\" content=\"https:\/\/boamusica.com\/brasil\/autores\/anelis-assumpcao\/\" \/>\n<meta property=\"og:site_name\" content=\"Boa M\u00fasica\" \/>\n<meta property=\"article:modified_time\" content=\"2024-08-28T10:24:49+00:00\" \/>\n<meta property=\"og:image\" content=\"https:\/\/boamusica.com\/wp-content\/uploads\/2024\/06\/anelisas-sumpcao.jpg\" \/>\n\t<meta property=\"og:image:width\" content=\"2560\" \/>\n\t<meta property=\"og:image:height\" content=\"1440\" \/>\n\t<meta property=\"og:image:type\" content=\"image\/jpeg\" \/>\n<meta name=\"twitter:card\" content=\"summary_large_image\" \/>\n<meta name=\"twitter:label1\" content=\"Est. reading time\" \/>\n\t<meta name=\"twitter:data1\" content=\"1 minute\" \/>\n<script type=\"application\/ld+json\" class=\"yoast-schema-graph\">{\"@context\":\"https:\\\/\\\/schema.org\",\"@graph\":[{\"@type\":\"WebPage\",\"@id\":\"https:\\\/\\\/boamusica.com\\\/brasil\\\/autores\\\/anelis-assumpcao\\\/\",\"url\":\"https:\\\/\\\/boamusica.com\\\/brasil\\\/autores\\\/anelis-assumpcao\\\/\",\"name\":\"Anelis Assump\u00e7\u00e3o - Boa M\u00fasica\",\"isPartOf\":{\"@id\":\"https:\\\/\\\/boamusica.com\\\/#website\"},\"primaryImageOfPage\":{\"@id\":\"https:\\\/\\\/boamusica.com\\\/brasil\\\/autores\\\/anelis-assumpcao\\\/#primaryimage\"},\"image\":{\"@id\":\"https:\\\/\\\/boamusica.com\\\/brasil\\\/autores\\\/anelis-assumpcao\\\/#primaryimage\"},\"thumbnailUrl\":\"https:\\\/\\\/boamusica.com\\\/wp-content\\\/uploads\\\/2024\\\/06\\\/anelisas-sumpcao.jpg\",\"datePublished\":\"2024-06-29T10:30:12+00:00\",\"dateModified\":\"2024-08-28T10:24:49+00:00\",\"description\":\"Anelis Assump\u00e7\u00e3o \u00e9 uma cantora, autora e compositora brasileira.\",\"breadcrumb\":{\"@id\":\"https:\\\/\\\/boamusica.com\\\/brasil\\\/autores\\\/anelis-assumpcao\\\/#breadcrumb\"},\"inLanguage\":\"brasil\",\"potentialAction\":[{\"@type\":\"ReadAction\",\"target\":[\"https:\\\/\\\/boamusica.com\\\/brasil\\\/autores\\\/anelis-assumpcao\\\/\"]}]},{\"@type\":\"ImageObject\",\"inLanguage\":\"brasil\",\"@id\":\"https:\\\/\\\/boamusica.com\\\/brasil\\\/autores\\\/anelis-assumpcao\\\/#primaryimage\",\"url\":\"https:\\\/\\\/boamusica.com\\\/wp-content\\\/uploads\\\/2024\\\/06\\\/anelisas-sumpcao.jpg\",\"contentUrl\":\"https:\\\/\\\/boamusica.com\\\/wp-content\\\/uploads\\\/2024\\\/06\\\/anelisas-sumpcao.jpg\",\"width\":2560,\"height\":1440},{\"@type\":\"BreadcrumbList\",\"@id\":\"https:\\\/\\\/boamusica.com\\\/brasil\\\/autores\\\/anelis-assumpcao\\\/#breadcrumb\",\"itemListElement\":[{\"@type\":\"ListItem\",\"position\":1,\"name\":\"Portada\",\"item\":\"https:\\\/\\\/boamusica.com\\\/brasil\\\/\"},{\"@type\":\"ListItem\",\"position\":2,\"name\":\"Anelis Assump\u00e7\u00e3o\"}]},{\"@type\":\"WebSite\",\"@id\":\"https:\\\/\\\/boamusica.com\\\/#website\",\"url\":\"https:\\\/\\\/boamusica.com\\\/\",\"name\":\"Boa M\u00fasica\",\"description\":\"Un proyecto editorial \u00e9tico y centrado en las personas. Gestionamos derechos de autor de forma integral.\",\"publisher\":{\"@id\":\"https:\\\/\\\/boamusica.com\\\/#organization\"},\"potentialAction\":[{\"@type\":\"SearchAction\",\"target\":{\"@type\":\"EntryPoint\",\"urlTemplate\":\"https:\\\/\\\/boamusica.com\\\/?s={search_term_string}\"},\"query-input\":{\"@type\":\"PropertyValueSpecification\",\"valueRequired\":true,\"valueName\":\"search_term_string\"}}],\"inLanguage\":\"brasil\"},{\"@type\":\"Organization\",\"@id\":\"https:\\\/\\\/boamusica.com\\\/#organization\",\"name\":\"Boa M\u00fasica\",\"url\":\"https:\\\/\\\/boamusica.com\\\/\",\"logo\":{\"@type\":\"ImageObject\",\"inLanguage\":\"brasil\",\"@id\":\"https:\\\/\\\/boamusica.com\\\/#\\\/schema\\\/logo\\\/image\\\/\",\"url\":\"https:\\\/\\\/boamusica.com\\\/wp-content\\\/uploads\\\/2024\\\/05\\\/logo-boa-musica.webp\",\"contentUrl\":\"https:\\\/\\\/boamusica.com\\\/wp-content\\\/uploads\\\/2024\\\/05\\\/logo-boa-musica.webp\",\"width\":398,\"height\":198,\"caption\":\"Boa M\u00fasica\"},\"image\":{\"@id\":\"https:\\\/\\\/boamusica.com\\\/#\\\/schema\\\/logo\\\/image\\\/\"}}]}<\/script>\n<!-- \/ Yoast SEO plugin. -->","yoast_head_json":{"title":"Anelis Assump\u00e7\u00e3o - Boa M\u00fasica","description":"Anelis Assump\u00e7\u00e3o \u00e9 uma cantora, autora e compositora brasileira.","robots":{"index":"index","follow":"follow","max-snippet":"max-snippet:-1","max-image-preview":"max-image-preview:large","max-video-preview":"max-video-preview:-1"},"canonical":"https:\/\/boamusica.com\/brasil\/autores\/anelis-assumpcao\/","og_locale":"en_US","og_type":"article","og_title":"Anelis Assump\u00e7\u00e3o - Boa M\u00fasica","og_description":"Anelis Assump\u00e7\u00e3o \u00e9 uma cantora, autora e compositora brasileira.","og_url":"https:\/\/boamusica.com\/brasil\/autores\/anelis-assumpcao\/","og_site_name":"Boa M\u00fasica","article_modified_time":"2024-08-28T10:24:49+00:00","og_image":[{"width":2560,"height":1440,"url":"https:\/\/boamusica.com\/wp-content\/uploads\/2024\/06\/anelisas-sumpcao.jpg","type":"image\/jpeg"}],"twitter_card":"summary_large_image","twitter_misc":{"Est. reading time":"1 minute"},"schema":{"@context":"https:\/\/schema.org","@graph":[{"@type":"WebPage","@id":"https:\/\/boamusica.com\/brasil\/autores\/anelis-assumpcao\/","url":"https:\/\/boamusica.com\/brasil\/autores\/anelis-assumpcao\/","name":"Anelis Assump\u00e7\u00e3o - Boa M\u00fasica","isPartOf":{"@id":"https:\/\/boamusica.com\/#website"},"primaryImageOfPage":{"@id":"https:\/\/boamusica.com\/brasil\/autores\/anelis-assumpcao\/#primaryimage"},"image":{"@id":"https:\/\/boamusica.com\/brasil\/autores\/anelis-assumpcao\/#primaryimage"},"thumbnailUrl":"https:\/\/boamusica.com\/wp-content\/uploads\/2024\/06\/anelisas-sumpcao.jpg","datePublished":"2024-06-29T10:30:12+00:00","dateModified":"2024-08-28T10:24:49+00:00","description":"Anelis Assump\u00e7\u00e3o \u00e9 uma cantora, autora e compositora brasileira.","breadcrumb":{"@id":"https:\/\/boamusica.com\/brasil\/autores\/anelis-assumpcao\/#breadcrumb"},"inLanguage":"brasil","potentialAction":[{"@type":"ReadAction","target":["https:\/\/boamusica.com\/brasil\/autores\/anelis-assumpcao\/"]}]},{"@type":"ImageObject","inLanguage":"brasil","@id":"https:\/\/boamusica.com\/brasil\/autores\/anelis-assumpcao\/#primaryimage","url":"https:\/\/boamusica.com\/wp-content\/uploads\/2024\/06\/anelisas-sumpcao.jpg","contentUrl":"https:\/\/boamusica.com\/wp-content\/uploads\/2024\/06\/anelisas-sumpcao.jpg","width":2560,"height":1440},{"@type":"BreadcrumbList","@id":"https:\/\/boamusica.com\/brasil\/autores\/anelis-assumpcao\/#breadcrumb","itemListElement":[{"@type":"ListItem","position":1,"name":"Portada","item":"https:\/\/boamusica.com\/brasil\/"},{"@type":"ListItem","position":2,"name":"Anelis Assump\u00e7\u00e3o"}]},{"@type":"WebSite","@id":"https:\/\/boamusica.com\/#website","url":"https:\/\/boamusica.com\/","name":"Boa M\u00fasica","description":"Un proyecto editorial \u00e9tico y centrado en las personas. Gestionamos derechos de autor de forma integral.","publisher":{"@id":"https:\/\/boamusica.com\/#organization"},"potentialAction":[{"@type":"SearchAction","target":{"@type":"EntryPoint","urlTemplate":"https:\/\/boamusica.com\/?s={search_term_string}"},"query-input":{"@type":"PropertyValueSpecification","valueRequired":true,"valueName":"search_term_string"}}],"inLanguage":"brasil"},{"@type":"Organization","@id":"https:\/\/boamusica.com\/#organization","name":"Boa M\u00fasica","url":"https:\/\/boamusica.com\/","logo":{"@type":"ImageObject","inLanguage":"brasil","@id":"https:\/\/boamusica.com\/#\/schema\/logo\/image\/","url":"https:\/\/boamusica.com\/wp-content\/uploads\/2024\/05\/logo-boa-musica.webp","contentUrl":"https:\/\/boamusica.com\/wp-content\/uploads\/2024\/05\/logo-boa-musica.webp","width":398,"height":198,"caption":"Boa M\u00fasica"},"image":{"@id":"https:\/\/boamusica.com\/#\/schema\/logo\/image\/"}}]}},"_links":{"self":[{"href":"https:\/\/boamusica.com\/brasil\/wp-json\/wp\/v2\/autores\/2214","targetHints":{"allow":["GET"]}}],"collection":[{"href":"https:\/\/boamusica.com\/brasil\/wp-json\/wp\/v2\/autores"}],"about":[{"href":"https:\/\/boamusica.com\/brasil\/wp-json\/wp\/v2\/types\/autores"}],"wp:featuredmedia":[{"embeddable":true,"href":"https:\/\/boamusica.com\/brasil\/wp-json\/wp\/v2\/media\/2215"}],"wp:attachment":[{"href":"https:\/\/boamusica.com\/brasil\/wp-json\/wp\/v2\/media?parent=2214"}],"wp:term":[{"taxonomy":"slider-home","embeddable":true,"href":"https:\/\/boamusica.com\/brasil\/wp-json\/wp\/v2\/slider-home?post=2214"}],"curies":[{"name":"wp","href":"https:\/\/api.w.org\/{rel}","templated":true}]}}

Anelis Assumpção

<!-- This site is optimized with the Yoast SEO plugin v27.4 - https://yoast.com/product/yoast-seo-wordpress/ -->
<title>Anelis Assumpção - Boa Música</title>
<meta name="description" content="Anelis Assumpção é uma cantora, autora e compositora brasileira." />
<meta name="robots" content="index, follow, max-snippet:-1, max-image-preview:large, max-video-preview:-1" />
<link rel="canonical" href="https://boamusica.com/brasil/autores/anelis-assumpcao/" />
<meta property="og:locale" content="en_US" />
<meta property="og:type" content="article" />
<meta property="og:title" content="Anelis Assumpção - Boa Música" />
<meta property="og:description" content="Anelis Assumpção é uma cantora, autora e compositora brasileira." />
<meta property="og:url" content="https://boamusica.com/brasil/autores/anelis-assumpcao/" />
<meta property="og:site_name" content="Boa Música" />
<meta property="article:modified_time" content="2024-08-28T10:24:49+00:00" />
<meta property="og:image" content="https://boamusica.com/wp-content/uploads/2024/06/anelisas-sumpcao.jpg" />
	<meta property="og:image:width" content="2560" />
	<meta property="og:image:height" content="1440" />
	<meta property="og:image:type" content="image/jpeg" />
<meta name="twitter:card" content="summary_large_image" />
<meta name="twitter:label1" content="Est. reading time" />
	<meta name="twitter:data1" content="1 minute" />
<script type="application/ld+json" class="yoast-schema-graph">{"@context":"https:\/\/schema.org","@graph":[{"@type":"WebPage","@id":"https:\/\/boamusica.com\/brasil\/autores\/anelis-assumpcao\/","url":"https:\/\/boamusica.com\/brasil\/autores\/anelis-assumpcao\/","name":"Anelis Assumpção - Boa Música","isPartOf":{"@id":"https:\/\/boamusica.com\/#website"},"primaryImageOfPage":{"@id":"https:\/\/boamusica.com\/brasil\/autores\/anelis-assumpcao\/#primaryimage"},"image":{"@id":"https:\/\/boamusica.com\/brasil\/autores\/anelis-assumpcao\/#primaryimage"},"thumbnailUrl":"https:\/\/boamusica.com\/wp-content\/uploads\/2024\/06\/anelisas-sumpcao.jpg","datePublished":"2024-06-29T10:30:12+00:00","dateModified":"2024-08-28T10:24:49+00:00","description":"Anelis Assumpção é uma cantora, autora e compositora brasileira.","breadcrumb":{"@id":"https:\/\/boamusica.com\/brasil\/autores\/anelis-assumpcao\/#breadcrumb"},"inLanguage":"brasil","potentialAction":[{"@type":"ReadAction","target":["https:\/\/boamusica.com\/brasil\/autores\/anelis-assumpcao\/"]}]},{"@type":"ImageObject","inLanguage":"brasil","@id":"https:\/\/boamusica.com\/brasil\/autores\/anelis-assumpcao\/#primaryimage","url":"https:\/\/boamusica.com\/wp-content\/uploads\/2024\/06\/anelisas-sumpcao.jpg","contentUrl":"https:\/\/boamusica.com\/wp-content\/uploads\/2024\/06\/anelisas-sumpcao.jpg","width":2560,"height":1440},{"@type":"BreadcrumbList","@id":"https:\/\/boamusica.com\/brasil\/autores\/anelis-assumpcao\/#breadcrumb","itemListElement":[{"@type":"ListItem","position":1,"name":"Portada","item":"https:\/\/boamusica.com\/brasil\/"},{"@type":"ListItem","position":2,"name":"Anelis Assumpção"}]},{"@type":"WebSite","@id":"https:\/\/boamusica.com\/#website","url":"https:\/\/boamusica.com\/","name":"Boa Música","description":"Un proyecto editorial ético y centrado en las personas. Gestionamos derechos de autor de forma integral.","publisher":{"@id":"https:\/\/boamusica.com\/#organization"},"potentialAction":[{"@type":"SearchAction","target":{"@type":"EntryPoint","urlTemplate":"https:\/\/boamusica.com\/?s={search_term_string}"},"query-input":{"@type":"PropertyValueSpecification","valueRequired":true,"valueName":"search_term_string"}}],"inLanguage":"brasil"},{"@type":"Organization","@id":"https:\/\/boamusica.com\/#organization","name":"Boa Música","url":"https:\/\/boamusica.com\/","logo":{"@type":"ImageObject","inLanguage":"brasil","@id":"https:\/\/boamusica.com\/#\/schema\/logo\/image\/","url":"https:\/\/boamusica.com\/wp-content\/uploads\/2024\/05\/logo-boa-musica.webp","contentUrl":"https:\/\/boamusica.com\/wp-content\/uploads\/2024\/05\/logo-boa-musica.webp","width":398,"height":198,"caption":"Boa Música"},"image":{"@id":"https:\/\/boamusica.com\/#\/schema\/logo\/image\/"}}]}</script>
<!-- / Yoast SEO plugin. -->

Anelis Assumpção - Boa Música

Anelis Assumpção é uma cantora, autora e compositora brasileira.

Boa Música

Un proyecto editorial ético y centrado en las personas. Gestionamos derechos de autor de forma integral.
