{"id":4626,"date":"2024-08-22T12:31:35","date_gmt":"2024-08-22T10:31:35","guid":{"rendered":"https:\/\/35.180.209.109\/?post_type=autores&#038;p=4626"},"modified":"2024-08-22T12:55:23","modified_gmt":"2024-08-22T10:55:23","slug":"alzira-e","status":"publish","type":"autores","link":"https:\/\/boamusica.com\/brasil\/autores\/alzira-e\/","title":{"rendered":"Alzira E"},"featured_media":4631,"template":"","slider-home":[],"class_list":["post-4626","autores","type-autores","status-publish","has-post-thumbnail","hentry"],"acf":[],"yoast_head":"<!-- This site is optimized with the Yoast SEO plugin v27.4 - https:\/\/yoast.com\/product\/yoast-seo-wordpress\/ -->\n<title>Alzira E - Boa M\u00fasica<\/title>\n<meta name=\"description\" content=\"Com mais de 40 anos de atua\u00e7\u00e3o no campo da m\u00fasica, Alzira E \u00e9 uma refer\u00eancia para a composi\u00e7\u00e3o feminina contempor\u00e2nea brasileira.\" \/>\n<meta name=\"robots\" content=\"index, follow, max-snippet:-1, max-image-preview:large, max-video-preview:-1\" \/>\n<link rel=\"canonical\" href=\"https:\/\/boamusica.com\/brasil\/autores\/alzira-e\/\" \/>\n<meta property=\"og:locale\" content=\"en_US\" \/>\n<meta property=\"og:type\" content=\"article\" \/>\n<meta property=\"og:title\" content=\"Alzira E - Boa M\u00fasica\" \/>\n<meta property=\"og:description\" content=\"Com mais de 40 anos de atua\u00e7\u00e3o no campo da m\u00fasica, Alzira E \u00e9 uma refer\u00eancia para a composi\u00e7\u00e3o feminina contempor\u00e2nea brasileira.\" \/>\n<meta property=\"og:url\" content=\"https:\/\/boamusica.com\/brasil\/autores\/alzira-e\/\" \/>\n<meta property=\"og:site_name\" content=\"Boa M\u00fasica\" \/>\n<meta property=\"article:modified_time\" content=\"2024-08-22T10:55:23+00:00\" \/>\n<meta property=\"og:image\" content=\"https:\/\/boamusica.com\/wp-content\/uploads\/2024\/08\/Alzira-E-imagen-destacada-web-2-1024x576.png\" \/>\n\t<meta property=\"og:image:width\" content=\"1024\" \/>\n\t<meta property=\"og:image:height\" content=\"576\" \/>\n\t<meta property=\"og:image:type\" content=\"image\/png\" \/>\n<meta name=\"twitter:card\" content=\"summary_large_image\" \/>\n<meta name=\"twitter:label1\" content=\"Est. reading time\" \/>\n\t<meta name=\"twitter:data1\" content=\"1 minute\" \/>\n<script type=\"application\/ld+json\" class=\"yoast-schema-graph\">{\"@context\":\"https:\\\/\\\/schema.org\",\"@graph\":[{\"@type\":\"WebPage\",\"@id\":\"https:\\\/\\\/boamusica.com\\\/brasil\\\/autores\\\/alzira-e\\\/\",\"url\":\"https:\\\/\\\/boamusica.com\\\/brasil\\\/autores\\\/alzira-e\\\/\",\"name\":\"Alzira E - Boa M\u00fasica\",\"isPartOf\":{\"@id\":\"https:\\\/\\\/boamusica.com\\\/#website\"},\"primaryImageOfPage\":{\"@id\":\"https:\\\/\\\/boamusica.com\\\/brasil\\\/autores\\\/alzira-e\\\/#primaryimage\"},\"image\":{\"@id\":\"https:\\\/\\\/boamusica.com\\\/brasil\\\/autores\\\/alzira-e\\\/#primaryimage\"},\"thumbnailUrl\":\"https:\\\/\\\/boamusica.com\\\/wp-content\\\/uploads\\\/2024\\\/08\\\/Alzira-E-imagen-destacada-web-2.png\",\"datePublished\":\"2024-08-22T10:31:35+00:00\",\"dateModified\":\"2024-08-22T10:55:23+00:00\",\"description\":\"Com mais de 40 anos de atua\u00e7\u00e3o no campo da m\u00fasica, Alzira E \u00e9 uma refer\u00eancia para a composi\u00e7\u00e3o feminina contempor\u00e2nea brasileira.\",\"breadcrumb\":{\"@id\":\"https:\\\/\\\/boamusica.com\\\/brasil\\\/autores\\\/alzira-e\\\/#breadcrumb\"},\"inLanguage\":\"brasil\",\"potentialAction\":[{\"@type\":\"ReadAction\",\"target\":[\"https:\\\/\\\/boamusica.com\\\/brasil\\\/autores\\\/alzira-e\\\/\"]}]},{\"@type\":\"ImageObject\",\"inLanguage\":\"brasil\",\"@id\":\"https:\\\/\\\/boamusica.com\\\/brasil\\\/autores\\\/alzira-e\\\/#primaryimage\",\"url\":\"https:\\\/\\\/boamusica.com\\\/wp-content\\\/uploads\\\/2024\\\/08\\\/Alzira-E-imagen-destacada-web-2.png\",\"contentUrl\":\"https:\\\/\\\/boamusica.com\\\/wp-content\\\/uploads\\\/2024\\\/08\\\/Alzira-E-imagen-destacada-web-2.png\",\"width\":2560,\"height\":1440},{\"@type\":\"BreadcrumbList\",\"@id\":\"https:\\\/\\\/boamusica.com\\\/brasil\\\/autores\\\/alzira-e\\\/#breadcrumb\",\"itemListElement\":[{\"@type\":\"ListItem\",\"position\":1,\"name\":\"Portada\",\"item\":\"https:\\\/\\\/boamusica.com\\\/brasil\\\/\"},{\"@type\":\"ListItem\",\"position\":2,\"name\":\"Alzira E\"}]},{\"@type\":\"WebSite\",\"@id\":\"https:\\\/\\\/boamusica.com\\\/#website\",\"url\":\"https:\\\/\\\/boamusica.com\\\/\",\"name\":\"Boa M\u00fasica\",\"description\":\"Un proyecto editorial \u00e9tico y centrado en las personas. Gestionamos derechos de autor de forma integral.\",\"publisher\":{\"@id\":\"https:\\\/\\\/boamusica.com\\\/#organization\"},\"potentialAction\":[{\"@type\":\"SearchAction\",\"target\":{\"@type\":\"EntryPoint\",\"urlTemplate\":\"https:\\\/\\\/boamusica.com\\\/?s={search_term_string}\"},\"query-input\":{\"@type\":\"PropertyValueSpecification\",\"valueRequired\":true,\"valueName\":\"search_term_string\"}}],\"inLanguage\":\"brasil\"},{\"@type\":\"Organization\",\"@id\":\"https:\\\/\\\/boamusica.com\\\/#organization\",\"name\":\"Boa M\u00fasica\",\"url\":\"https:\\\/\\\/boamusica.com\\\/\",\"logo\":{\"@type\":\"ImageObject\",\"inLanguage\":\"brasil\",\"@id\":\"https:\\\/\\\/boamusica.com\\\/#\\\/schema\\\/logo\\\/image\\\/\",\"url\":\"https:\\\/\\\/boamusica.com\\\/wp-content\\\/uploads\\\/2024\\\/05\\\/logo-boa-musica.webp\",\"contentUrl\":\"https:\\\/\\\/boamusica.com\\\/wp-content\\\/uploads\\\/2024\\\/05\\\/logo-boa-musica.webp\",\"width\":398,\"height\":198,\"caption\":\"Boa M\u00fasica\"},\"image\":{\"@id\":\"https:\\\/\\\/boamusica.com\\\/#\\\/schema\\\/logo\\\/image\\\/\"}}]}<\/script>\n<!-- \/ Yoast SEO plugin. -->","yoast_head_json":{"title":"Alzira E - Boa M\u00fasica","description":"Com mais de 40 anos de atua\u00e7\u00e3o no campo da m\u00fasica, Alzira E \u00e9 uma refer\u00eancia para a composi\u00e7\u00e3o feminina contempor\u00e2nea brasileira.","robots":{"index":"index","follow":"follow","max-snippet":"max-snippet:-1","max-image-preview":"max-image-preview:large","max-video-preview":"max-video-preview:-1"},"canonical":"https:\/\/boamusica.com\/brasil\/autores\/alzira-e\/","og_locale":"en_US","og_type":"article","og_title":"Alzira E - Boa M\u00fasica","og_description":"Com mais de 40 anos de atua\u00e7\u00e3o no campo da m\u00fasica, Alzira E \u00e9 uma refer\u00eancia para a composi\u00e7\u00e3o feminina contempor\u00e2nea brasileira.","og_url":"https:\/\/boamusica.com\/brasil\/autores\/alzira-e\/","og_site_name":"Boa M\u00fasica","article_modified_time":"2024-08-22T10:55:23+00:00","og_image":[{"width":1024,"height":576,"url":"https:\/\/boamusica.com\/wp-content\/uploads\/2024\/08\/Alzira-E-imagen-destacada-web-2-1024x576.png","type":"image\/png"}],"twitter_card":"summary_large_image","twitter_misc":{"Est. reading time":"1 minute"},"schema":{"@context":"https:\/\/schema.org","@graph":[{"@type":"WebPage","@id":"https:\/\/boamusica.com\/brasil\/autores\/alzira-e\/","url":"https:\/\/boamusica.com\/brasil\/autores\/alzira-e\/","name":"Alzira E - Boa M\u00fasica","isPartOf":{"@id":"https:\/\/boamusica.com\/#website"},"primaryImageOfPage":{"@id":"https:\/\/boamusica.com\/brasil\/autores\/alzira-e\/#primaryimage"},"image":{"@id":"https:\/\/boamusica.com\/brasil\/autores\/alzira-e\/#primaryimage"},"thumbnailUrl":"https:\/\/boamusica.com\/wp-content\/uploads\/2024\/08\/Alzira-E-imagen-destacada-web-2.png","datePublished":"2024-08-22T10:31:35+00:00","dateModified":"2024-08-22T10:55:23+00:00","description":"Com mais de 40 anos de atua\u00e7\u00e3o no campo da m\u00fasica, Alzira E \u00e9 uma refer\u00eancia para a composi\u00e7\u00e3o feminina contempor\u00e2nea brasileira.","breadcrumb":{"@id":"https:\/\/boamusica.com\/brasil\/autores\/alzira-e\/#breadcrumb"},"inLanguage":"brasil","potentialAction":[{"@type":"ReadAction","target":["https:\/\/boamusica.com\/brasil\/autores\/alzira-e\/"]}]},{"@type":"ImageObject","inLanguage":"brasil","@id":"https:\/\/boamusica.com\/brasil\/autores\/alzira-e\/#primaryimage","url":"https:\/\/boamusica.com\/wp-content\/uploads\/2024\/08\/Alzira-E-imagen-destacada-web-2.png","contentUrl":"https:\/\/boamusica.com\/wp-content\/uploads\/2024\/08\/Alzira-E-imagen-destacada-web-2.png","width":2560,"height":1440},{"@type":"BreadcrumbList","@id":"https:\/\/boamusica.com\/brasil\/autores\/alzira-e\/#breadcrumb","itemListElement":[{"@type":"ListItem","position":1,"name":"Portada","item":"https:\/\/boamusica.com\/brasil\/"},{"@type":"ListItem","position":2,"name":"Alzira E"}]},{"@type":"WebSite","@id":"https:\/\/boamusica.com\/#website","url":"https:\/\/boamusica.com\/","name":"Boa M\u00fasica","description":"Un proyecto editorial \u00e9tico y centrado en las personas. Gestionamos derechos de autor de forma integral.","publisher":{"@id":"https:\/\/boamusica.com\/#organization"},"potentialAction":[{"@type":"SearchAction","target":{"@type":"EntryPoint","urlTemplate":"https:\/\/boamusica.com\/?s={search_term_string}"},"query-input":{"@type":"PropertyValueSpecification","valueRequired":true,"valueName":"search_term_string"}}],"inLanguage":"brasil"},{"@type":"Organization","@id":"https:\/\/boamusica.com\/#organization","name":"Boa M\u00fasica","url":"https:\/\/boamusica.com\/","logo":{"@type":"ImageObject","inLanguage":"brasil","@id":"https:\/\/boamusica.com\/#\/schema\/logo\/image\/","url":"https:\/\/boamusica.com\/wp-content\/uploads\/2024\/05\/logo-boa-musica.webp","contentUrl":"https:\/\/boamusica.com\/wp-content\/uploads\/2024\/05\/logo-boa-musica.webp","width":398,"height":198,"caption":"Boa M\u00fasica"},"image":{"@id":"https:\/\/boamusica.com\/#\/schema\/logo\/image\/"}}]}},"_links":{"self":[{"href":"https:\/\/boamusica.com\/brasil\/wp-json\/wp\/v2\/autores\/4626","targetHints":{"allow":["GET"]}}],"collection":[{"href":"https:\/\/boamusica.com\/brasil\/wp-json\/wp\/v2\/autores"}],"about":[{"href":"https:\/\/boamusica.com\/brasil\/wp-json\/wp\/v2\/types\/autores"}],"wp:featuredmedia":[{"embeddable":true,"href":"https:\/\/boamusica.com\/brasil\/wp-json\/wp\/v2\/media\/4631"}],"wp:attachment":[{"href":"https:\/\/boamusica.com\/brasil\/wp-json\/wp\/v2\/media?parent=4626"}],"wp:term":[{"taxonomy":"slider-home","embeddable":true,"href":"https:\/\/boamusica.com\/brasil\/wp-json\/wp\/v2\/slider-home?post=4626"}],"curies":[{"name":"wp","href":"https:\/\/api.w.org\/{rel}","templated":true}]}}

<!-- This site is optimized with the Yoast SEO plugin v27.4 - https://yoast.com/product/yoast-seo-wordpress/ -->
<title>Alzira E - Boa Música</title>
<meta name="description" content="Com mais de 40 anos de atuação no campo da música, Alzira E é uma referência para a composição feminina contemporânea brasileira." />
<meta name="robots" content="index, follow, max-snippet:-1, max-image-preview:large, max-video-preview:-1" />
<link rel="canonical" href="https://boamusica.com/brasil/autores/alzira-e/" />
<meta property="og:locale" content="en_US" />
<meta property="og:type" content="article" />
<meta property="og:title" content="Alzira E - Boa Música" />
<meta property="og:description" content="Com mais de 40 anos de atuação no campo da música, Alzira E é uma referência para a composição feminina contemporânea brasileira." />
<meta property="og:url" content="https://boamusica.com/brasil/autores/alzira-e/" />
<meta property="og:site_name" content="Boa Música" />
<meta property="article:modified_time" content="2024-08-22T10:55:23+00:00" />
<meta property="og:image" content="https://boamusica.com/wp-content/uploads/2024/08/Alzira-E-imagen-destacada-web-2-1024x576.png" />
	<meta property="og:image:width" content="1024" />
	<meta property="og:image:height" content="576" />
	<meta property="og:image:type" content="image/png" />
<meta name="twitter:card" content="summary_large_image" />
<meta name="twitter:label1" content="Est. reading time" />
	<meta name="twitter:data1" content="1 minute" />
<script type="application/ld+json" class="yoast-schema-graph">{"@context":"https:\/\/schema.org","@graph":[{"@type":"WebPage","@id":"https:\/\/boamusica.com\/brasil\/autores\/alzira-e\/","url":"https:\/\/boamusica.com\/brasil\/autores\/alzira-e\/","name":"Alzira E - Boa Música","isPartOf":{"@id":"https:\/\/boamusica.com\/#website"},"primaryImageOfPage":{"@id":"https:\/\/boamusica.com\/brasil\/autores\/alzira-e\/#primaryimage"},"image":{"@id":"https:\/\/boamusica.com\/brasil\/autores\/alzira-e\/#primaryimage"},"thumbnailUrl":"https:\/\/boamusica.com\/wp-content\/uploads\/2024\/08\/Alzira-E-imagen-destacada-web-2.png","datePublished":"2024-08-22T10:31:35+00:00","dateModified":"2024-08-22T10:55:23+00:00","description":"Com mais de 40 anos de atuação no campo da música, Alzira E é uma referência para a composição feminina contemporânea brasileira.","breadcrumb":{"@id":"https:\/\/boamusica.com\/brasil\/autores\/alzira-e\/#breadcrumb"},"inLanguage":"brasil","potentialAction":[{"@type":"ReadAction","target":["https:\/\/boamusica.com\/brasil\/autores\/alzira-e\/"]}]},{"@type":"ImageObject","inLanguage":"brasil","@id":"https:\/\/boamusica.com\/brasil\/autores\/alzira-e\/#primaryimage","url":"https:\/\/boamusica.com\/wp-content\/uploads\/2024\/08\/Alzira-E-imagen-destacada-web-2.png","contentUrl":"https:\/\/boamusica.com\/wp-content\/uploads\/2024\/08\/Alzira-E-imagen-destacada-web-2.png","width":2560,"height":1440},{"@type":"BreadcrumbList","@id":"https:\/\/boamusica.com\/brasil\/autores\/alzira-e\/#breadcrumb","itemListElement":[{"@type":"ListItem","position":1,"name":"Portada","item":"https:\/\/boamusica.com\/brasil\/"},{"@type":"ListItem","position":2,"name":"Alzira E"}]},{"@type":"WebSite","@id":"https:\/\/boamusica.com\/#website","url":"https:\/\/boamusica.com\/","name":"Boa Música","description":"Un proyecto editorial ético y centrado en las personas. Gestionamos derechos de autor de forma integral.","publisher":{"@id":"https:\/\/boamusica.com\/#organization"},"potentialAction":[{"@type":"SearchAction","target":{"@type":"EntryPoint","urlTemplate":"https:\/\/boamusica.com\/?s={search_term_string}"},"query-input":{"@type":"PropertyValueSpecification","valueRequired":true,"valueName":"search_term_string"}}],"inLanguage":"brasil"},{"@type":"Organization","@id":"https:\/\/boamusica.com\/#organization","name":"Boa Música","url":"https:\/\/boamusica.com\/","logo":{"@type":"ImageObject","inLanguage":"brasil","@id":"https:\/\/boamusica.com\/#\/schema\/logo\/image\/","url":"https:\/\/boamusica.com\/wp-content\/uploads\/2024\/05\/logo-boa-musica.webp","contentUrl":"https:\/\/boamusica.com\/wp-content\/uploads\/2024\/05\/logo-boa-musica.webp","width":398,"height":198,"caption":"Boa Música"},"image":{"@id":"https:\/\/boamusica.com\/#\/schema\/logo\/image\/"}}]}</script>
<!-- / Yoast SEO plugin. -->

Alzira E - Boa Música

Com mais de 40 anos de atuação no campo da música, Alzira E é uma referência para a composição feminina contemporânea brasileira.

Boa Música

Un proyecto editorial ético y centrado en las personas. Gestionamos derechos de autor de forma integral.
