{"id":4824,"date":"2024-08-28T16:00:43","date_gmt":"2024-08-28T14:00:43","guid":{"rendered":"https:\/\/35.180.209.109\/?post_type=autores&#038;p=4824"},"modified":"2024-08-28T16:01:09","modified_gmt":"2024-08-28T14:01:09","slug":"serena-assumpcao","status":"publish","type":"autores","link":"https:\/\/boamusica.com\/brasil\/autores\/serena-assumpcao\/","title":{"rendered":"Serena Assump\u00e7\u00e3o"},"featured_media":4826,"template":"","slider-home":[],"class_list":["post-4824","autores","type-autores","status-publish","has-post-thumbnail","hentry"],"acf":[],"yoast_head":"<!-- This site is optimized with the Yoast SEO plugin v27.4 - https:\/\/yoast.com\/product\/yoast-seo-wordpress\/ -->\n<title>Serena Assump\u00e7\u00e3o - Boa M\u00fasica<\/title>\n<meta name=\"description\" content=\"Serena Assump\u00e7\u00e3o (S\u00e3o Paulo, 21 de fevereiro de 1977 \/ 16 de mar\u00e7o de 2016) foi uma cantora, compositora e produtora cultural brasileira. Era irm\u00e3 da cantora Anelis Assump\u00e7\u00e3o e filha do cantor Itamar Assump\u00e7\u00e3o.\" \/>\n<meta name=\"robots\" content=\"index, follow, max-snippet:-1, max-image-preview:large, max-video-preview:-1\" \/>\n<link rel=\"canonical\" href=\"https:\/\/boamusica.com\/brasil\/autores\/serena-assumpcao\/\" \/>\n<meta property=\"og:locale\" content=\"en_US\" \/>\n<meta property=\"og:type\" content=\"article\" \/>\n<meta property=\"og:title\" content=\"Serena Assump\u00e7\u00e3o - Boa M\u00fasica\" \/>\n<meta property=\"og:description\" content=\"Serena Assump\u00e7\u00e3o (S\u00e3o Paulo, 21 de fevereiro de 1977 \/ 16 de mar\u00e7o de 2016) foi uma cantora, compositora e produtora cultural brasileira. Era irm\u00e3 da cantora Anelis Assump\u00e7\u00e3o e filha do cantor Itamar Assump\u00e7\u00e3o.\" \/>\n<meta property=\"og:url\" content=\"https:\/\/boamusica.com\/brasil\/autores\/serena-assumpcao\/\" \/>\n<meta property=\"og:site_name\" content=\"Boa M\u00fasica\" \/>\n<meta property=\"article:modified_time\" content=\"2024-08-28T14:01:09+00:00\" \/>\n<meta property=\"og:image\" content=\"https:\/\/boamusica.com\/wp-content\/uploads\/2024\/08\/Serena-Assumpcao-imagen-destacada-web-1024x576.png\" \/>\n\t<meta property=\"og:image:width\" content=\"1024\" \/>\n\t<meta property=\"og:image:height\" content=\"576\" \/>\n\t<meta property=\"og:image:type\" content=\"image\/png\" \/>\n<meta name=\"twitter:card\" content=\"summary_large_image\" \/>\n<meta name=\"twitter:label1\" content=\"Est. reading time\" \/>\n\t<meta name=\"twitter:data1\" content=\"1 minute\" \/>\n<script type=\"application\/ld+json\" class=\"yoast-schema-graph\">{\"@context\":\"https:\\\/\\\/schema.org\",\"@graph\":[{\"@type\":\"WebPage\",\"@id\":\"https:\\\/\\\/boamusica.com\\\/brasil\\\/autores\\\/serena-assumpcao\\\/\",\"url\":\"https:\\\/\\\/boamusica.com\\\/brasil\\\/autores\\\/serena-assumpcao\\\/\",\"name\":\"Serena Assump\u00e7\u00e3o - Boa M\u00fasica\",\"isPartOf\":{\"@id\":\"https:\\\/\\\/boamusica.com\\\/#website\"},\"primaryImageOfPage\":{\"@id\":\"https:\\\/\\\/boamusica.com\\\/brasil\\\/autores\\\/serena-assumpcao\\\/#primaryimage\"},\"image\":{\"@id\":\"https:\\\/\\\/boamusica.com\\\/brasil\\\/autores\\\/serena-assumpcao\\\/#primaryimage\"},\"thumbnailUrl\":\"https:\\\/\\\/boamusica.com\\\/wp-content\\\/uploads\\\/2024\\\/08\\\/Serena-Assumpcao-imagen-destacada-web.png\",\"datePublished\":\"2024-08-28T14:00:43+00:00\",\"dateModified\":\"2024-08-28T14:01:09+00:00\",\"description\":\"Serena Assump\u00e7\u00e3o (S\u00e3o Paulo, 21 de fevereiro de 1977 \\\/ 16 de mar\u00e7o de 2016) foi uma cantora, compositora e produtora cultural brasileira. Era irm\u00e3 da cantora Anelis Assump\u00e7\u00e3o e filha do cantor Itamar Assump\u00e7\u00e3o.\",\"breadcrumb\":{\"@id\":\"https:\\\/\\\/boamusica.com\\\/brasil\\\/autores\\\/serena-assumpcao\\\/#breadcrumb\"},\"inLanguage\":\"brasil\",\"potentialAction\":[{\"@type\":\"ReadAction\",\"target\":[\"https:\\\/\\\/boamusica.com\\\/brasil\\\/autores\\\/serena-assumpcao\\\/\"]}]},{\"@type\":\"ImageObject\",\"inLanguage\":\"brasil\",\"@id\":\"https:\\\/\\\/boamusica.com\\\/brasil\\\/autores\\\/serena-assumpcao\\\/#primaryimage\",\"url\":\"https:\\\/\\\/boamusica.com\\\/wp-content\\\/uploads\\\/2024\\\/08\\\/Serena-Assumpcao-imagen-destacada-web.png\",\"contentUrl\":\"https:\\\/\\\/boamusica.com\\\/wp-content\\\/uploads\\\/2024\\\/08\\\/Serena-Assumpcao-imagen-destacada-web.png\",\"width\":2560,\"height\":1440},{\"@type\":\"BreadcrumbList\",\"@id\":\"https:\\\/\\\/boamusica.com\\\/brasil\\\/autores\\\/serena-assumpcao\\\/#breadcrumb\",\"itemListElement\":[{\"@type\":\"ListItem\",\"position\":1,\"name\":\"Portada\",\"item\":\"https:\\\/\\\/boamusica.com\\\/brasil\\\/\"},{\"@type\":\"ListItem\",\"position\":2,\"name\":\"Serena Assump\u00e7\u00e3o\"}]},{\"@type\":\"WebSite\",\"@id\":\"https:\\\/\\\/boamusica.com\\\/#website\",\"url\":\"https:\\\/\\\/boamusica.com\\\/\",\"name\":\"Boa M\u00fasica\",\"description\":\"Un proyecto editorial \u00e9tico y centrado en las personas. Gestionamos derechos de autor de forma integral.\",\"publisher\":{\"@id\":\"https:\\\/\\\/boamusica.com\\\/#organization\"},\"potentialAction\":[{\"@type\":\"SearchAction\",\"target\":{\"@type\":\"EntryPoint\",\"urlTemplate\":\"https:\\\/\\\/boamusica.com\\\/?s={search_term_string}\"},\"query-input\":{\"@type\":\"PropertyValueSpecification\",\"valueRequired\":true,\"valueName\":\"search_term_string\"}}],\"inLanguage\":\"brasil\"},{\"@type\":\"Organization\",\"@id\":\"https:\\\/\\\/boamusica.com\\\/#organization\",\"name\":\"Boa M\u00fasica\",\"url\":\"https:\\\/\\\/boamusica.com\\\/\",\"logo\":{\"@type\":\"ImageObject\",\"inLanguage\":\"brasil\",\"@id\":\"https:\\\/\\\/boamusica.com\\\/#\\\/schema\\\/logo\\\/image\\\/\",\"url\":\"https:\\\/\\\/boamusica.com\\\/wp-content\\\/uploads\\\/2024\\\/05\\\/logo-boa-musica.webp\",\"contentUrl\":\"https:\\\/\\\/boamusica.com\\\/wp-content\\\/uploads\\\/2024\\\/05\\\/logo-boa-musica.webp\",\"width\":398,\"height\":198,\"caption\":\"Boa M\u00fasica\"},\"image\":{\"@id\":\"https:\\\/\\\/boamusica.com\\\/#\\\/schema\\\/logo\\\/image\\\/\"}}]}<\/script>\n<!-- \/ Yoast SEO plugin. -->","yoast_head_json":{"title":"Serena Assump\u00e7\u00e3o - Boa M\u00fasica","description":"Serena Assump\u00e7\u00e3o (S\u00e3o Paulo, 21 de fevereiro de 1977 \/ 16 de mar\u00e7o de 2016) foi uma cantora, compositora e produtora cultural brasileira. Era irm\u00e3 da cantora Anelis Assump\u00e7\u00e3o e filha do cantor Itamar Assump\u00e7\u00e3o.","robots":{"index":"index","follow":"follow","max-snippet":"max-snippet:-1","max-image-preview":"max-image-preview:large","max-video-preview":"max-video-preview:-1"},"canonical":"https:\/\/boamusica.com\/brasil\/autores\/serena-assumpcao\/","og_locale":"en_US","og_type":"article","og_title":"Serena Assump\u00e7\u00e3o - Boa M\u00fasica","og_description":"Serena Assump\u00e7\u00e3o (S\u00e3o Paulo, 21 de fevereiro de 1977 \/ 16 de mar\u00e7o de 2016) foi uma cantora, compositora e produtora cultural brasileira. Era irm\u00e3 da cantora Anelis Assump\u00e7\u00e3o e filha do cantor Itamar Assump\u00e7\u00e3o.","og_url":"https:\/\/boamusica.com\/brasil\/autores\/serena-assumpcao\/","og_site_name":"Boa M\u00fasica","article_modified_time":"2024-08-28T14:01:09+00:00","og_image":[{"width":1024,"height":576,"url":"https:\/\/boamusica.com\/wp-content\/uploads\/2024\/08\/Serena-Assumpcao-imagen-destacada-web-1024x576.png","type":"image\/png"}],"twitter_card":"summary_large_image","twitter_misc":{"Est. reading time":"1 minute"},"schema":{"@context":"https:\/\/schema.org","@graph":[{"@type":"WebPage","@id":"https:\/\/boamusica.com\/brasil\/autores\/serena-assumpcao\/","url":"https:\/\/boamusica.com\/brasil\/autores\/serena-assumpcao\/","name":"Serena Assump\u00e7\u00e3o - Boa M\u00fasica","isPartOf":{"@id":"https:\/\/boamusica.com\/#website"},"primaryImageOfPage":{"@id":"https:\/\/boamusica.com\/brasil\/autores\/serena-assumpcao\/#primaryimage"},"image":{"@id":"https:\/\/boamusica.com\/brasil\/autores\/serena-assumpcao\/#primaryimage"},"thumbnailUrl":"https:\/\/boamusica.com\/wp-content\/uploads\/2024\/08\/Serena-Assumpcao-imagen-destacada-web.png","datePublished":"2024-08-28T14:00:43+00:00","dateModified":"2024-08-28T14:01:09+00:00","description":"Serena Assump\u00e7\u00e3o (S\u00e3o Paulo, 21 de fevereiro de 1977 \/ 16 de mar\u00e7o de 2016) foi uma cantora, compositora e produtora cultural brasileira. Era irm\u00e3 da cantora Anelis Assump\u00e7\u00e3o e filha do cantor Itamar Assump\u00e7\u00e3o.","breadcrumb":{"@id":"https:\/\/boamusica.com\/brasil\/autores\/serena-assumpcao\/#breadcrumb"},"inLanguage":"brasil","potentialAction":[{"@type":"ReadAction","target":["https:\/\/boamusica.com\/brasil\/autores\/serena-assumpcao\/"]}]},{"@type":"ImageObject","inLanguage":"brasil","@id":"https:\/\/boamusica.com\/brasil\/autores\/serena-assumpcao\/#primaryimage","url":"https:\/\/boamusica.com\/wp-content\/uploads\/2024\/08\/Serena-Assumpcao-imagen-destacada-web.png","contentUrl":"https:\/\/boamusica.com\/wp-content\/uploads\/2024\/08\/Serena-Assumpcao-imagen-destacada-web.png","width":2560,"height":1440},{"@type":"BreadcrumbList","@id":"https:\/\/boamusica.com\/brasil\/autores\/serena-assumpcao\/#breadcrumb","itemListElement":[{"@type":"ListItem","position":1,"name":"Portada","item":"https:\/\/boamusica.com\/brasil\/"},{"@type":"ListItem","position":2,"name":"Serena Assump\u00e7\u00e3o"}]},{"@type":"WebSite","@id":"https:\/\/boamusica.com\/#website","url":"https:\/\/boamusica.com\/","name":"Boa M\u00fasica","description":"Un proyecto editorial \u00e9tico y centrado en las personas. Gestionamos derechos de autor de forma integral.","publisher":{"@id":"https:\/\/boamusica.com\/#organization"},"potentialAction":[{"@type":"SearchAction","target":{"@type":"EntryPoint","urlTemplate":"https:\/\/boamusica.com\/?s={search_term_string}"},"query-input":{"@type":"PropertyValueSpecification","valueRequired":true,"valueName":"search_term_string"}}],"inLanguage":"brasil"},{"@type":"Organization","@id":"https:\/\/boamusica.com\/#organization","name":"Boa M\u00fasica","url":"https:\/\/boamusica.com\/","logo":{"@type":"ImageObject","inLanguage":"brasil","@id":"https:\/\/boamusica.com\/#\/schema\/logo\/image\/","url":"https:\/\/boamusica.com\/wp-content\/uploads\/2024\/05\/logo-boa-musica.webp","contentUrl":"https:\/\/boamusica.com\/wp-content\/uploads\/2024\/05\/logo-boa-musica.webp","width":398,"height":198,"caption":"Boa M\u00fasica"},"image":{"@id":"https:\/\/boamusica.com\/#\/schema\/logo\/image\/"}}]}},"_links":{"self":[{"href":"https:\/\/boamusica.com\/brasil\/wp-json\/wp\/v2\/autores\/4824","targetHints":{"allow":["GET"]}}],"collection":[{"href":"https:\/\/boamusica.com\/brasil\/wp-json\/wp\/v2\/autores"}],"about":[{"href":"https:\/\/boamusica.com\/brasil\/wp-json\/wp\/v2\/types\/autores"}],"wp:featuredmedia":[{"embeddable":true,"href":"https:\/\/boamusica.com\/brasil\/wp-json\/wp\/v2\/media\/4826"}],"wp:attachment":[{"href":"https:\/\/boamusica.com\/brasil\/wp-json\/wp\/v2\/media?parent=4824"}],"wp:term":[{"taxonomy":"slider-home","embeddable":true,"href":"https:\/\/boamusica.com\/brasil\/wp-json\/wp\/v2\/slider-home?post=4824"}],"curies":[{"name":"wp","href":"https:\/\/api.w.org\/{rel}","templated":true}]}}

Serena Assumpção

<!-- This site is optimized with the Yoast SEO plugin v27.4 - https://yoast.com/product/yoast-seo-wordpress/ -->
<title>Serena Assumpção - Boa Música</title>
<meta name="description" content="Serena Assumpção (São Paulo, 21 de fevereiro de 1977 / 16 de março de 2016) foi uma cantora, compositora e produtora cultural brasileira. Era irmã da cantora Anelis Assumpção e filha do cantor Itamar Assumpção." />
<meta name="robots" content="index, follow, max-snippet:-1, max-image-preview:large, max-video-preview:-1" />
<link rel="canonical" href="https://boamusica.com/brasil/autores/serena-assumpcao/" />
<meta property="og:locale" content="en_US" />
<meta property="og:type" content="article" />
<meta property="og:title" content="Serena Assumpção - Boa Música" />
<meta property="og:description" content="Serena Assumpção (São Paulo, 21 de fevereiro de 1977 / 16 de março de 2016) foi uma cantora, compositora e produtora cultural brasileira. Era irmã da cantora Anelis Assumpção e filha do cantor Itamar Assumpção." />
<meta property="og:url" content="https://boamusica.com/brasil/autores/serena-assumpcao/" />
<meta property="og:site_name" content="Boa Música" />
<meta property="article:modified_time" content="2024-08-28T14:01:09+00:00" />
<meta property="og:image" content="https://boamusica.com/wp-content/uploads/2024/08/Serena-Assumpcao-imagen-destacada-web-1024x576.png" />
	<meta property="og:image:width" content="1024" />
	<meta property="og:image:height" content="576" />
	<meta property="og:image:type" content="image/png" />
<meta name="twitter:card" content="summary_large_image" />
<meta name="twitter:label1" content="Est. reading time" />
	<meta name="twitter:data1" content="1 minute" />
<script type="application/ld+json" class="yoast-schema-graph">{"@context":"https:\/\/schema.org","@graph":[{"@type":"WebPage","@id":"https:\/\/boamusica.com\/brasil\/autores\/serena-assumpcao\/","url":"https:\/\/boamusica.com\/brasil\/autores\/serena-assumpcao\/","name":"Serena Assumpção - Boa Música","isPartOf":{"@id":"https:\/\/boamusica.com\/#website"},"primaryImageOfPage":{"@id":"https:\/\/boamusica.com\/brasil\/autores\/serena-assumpcao\/#primaryimage"},"image":{"@id":"https:\/\/boamusica.com\/brasil\/autores\/serena-assumpcao\/#primaryimage"},"thumbnailUrl":"https:\/\/boamusica.com\/wp-content\/uploads\/2024\/08\/Serena-Assumpcao-imagen-destacada-web.png","datePublished":"2024-08-28T14:00:43+00:00","dateModified":"2024-08-28T14:01:09+00:00","description":"Serena Assumpção (São Paulo, 21 de fevereiro de 1977 \/ 16 de março de 2016) foi uma cantora, compositora e produtora cultural brasileira. Era irmã da cantora Anelis Assumpção e filha do cantor Itamar Assumpção.","breadcrumb":{"@id":"https:\/\/boamusica.com\/brasil\/autores\/serena-assumpcao\/#breadcrumb"},"inLanguage":"brasil","potentialAction":[{"@type":"ReadAction","target":["https:\/\/boamusica.com\/brasil\/autores\/serena-assumpcao\/"]}]},{"@type":"ImageObject","inLanguage":"brasil","@id":"https:\/\/boamusica.com\/brasil\/autores\/serena-assumpcao\/#primaryimage","url":"https:\/\/boamusica.com\/wp-content\/uploads\/2024\/08\/Serena-Assumpcao-imagen-destacada-web.png","contentUrl":"https:\/\/boamusica.com\/wp-content\/uploads\/2024\/08\/Serena-Assumpcao-imagen-destacada-web.png","width":2560,"height":1440},{"@type":"BreadcrumbList","@id":"https:\/\/boamusica.com\/brasil\/autores\/serena-assumpcao\/#breadcrumb","itemListElement":[{"@type":"ListItem","position":1,"name":"Portada","item":"https:\/\/boamusica.com\/brasil\/"},{"@type":"ListItem","position":2,"name":"Serena Assumpção"}]},{"@type":"WebSite","@id":"https:\/\/boamusica.com\/#website","url":"https:\/\/boamusica.com\/","name":"Boa Música","description":"Un proyecto editorial ético y centrado en las personas. Gestionamos derechos de autor de forma integral.","publisher":{"@id":"https:\/\/boamusica.com\/#organization"},"potentialAction":[{"@type":"SearchAction","target":{"@type":"EntryPoint","urlTemplate":"https:\/\/boamusica.com\/?s={search_term_string}"},"query-input":{"@type":"PropertyValueSpecification","valueRequired":true,"valueName":"search_term_string"}}],"inLanguage":"brasil"},{"@type":"Organization","@id":"https:\/\/boamusica.com\/#organization","name":"Boa Música","url":"https:\/\/boamusica.com\/","logo":{"@type":"ImageObject","inLanguage":"brasil","@id":"https:\/\/boamusica.com\/#\/schema\/logo\/image\/","url":"https:\/\/boamusica.com\/wp-content\/uploads\/2024\/05\/logo-boa-musica.webp","contentUrl":"https:\/\/boamusica.com\/wp-content\/uploads\/2024\/05\/logo-boa-musica.webp","width":398,"height":198,"caption":"Boa Música"},"image":{"@id":"https:\/\/boamusica.com\/#\/schema\/logo\/image\/"}}]}</script>
<!-- / Yoast SEO plugin. -->

Serena Assumpção - Boa Música

Serena Assumpção (São Paulo, 21 de fevereiro de 1977 / 16 de março de 2016) foi uma cantora, compositora e produtora cultural brasileira. Era irmã da cantora Anelis Assumpção e filha do cantor Itamar Assumpção.

Boa Música

Un proyecto editorial ético y centrado en las personas. Gestionamos derechos de autor de forma integral.
